mposite number?
False
Is 4388390009 a prime number?
True
Is 7154378279 a composite number?
False
Is 903640973 a prime number?
False
Is 50134303 a composite number?
False
Is 57700268477 a composite number?
False
Is 1189364282 composite?
True
Is 2412331693 composite?
False
Is 1250642933 prime?
True
Is 25220196697 composite?
False
Is 6396726641 prime?
False
Is 1161708503 a prime number?
True
Is 2614168127 a composite number?
True
Is 111780311 prime?
False
Is 25926490123 composite?
True
Is 42443893543 composite?
False
Is 4723866013 prime?
False
Is 41739703933 composite?
False
Is 3474056381 a prime number?
True
Is 9120417641 composite?
False
Is 19313345923 composite?
True
Is 4983687517 prime?
False
Is 77217061 a composite number?
False
Is 195652259 a composite number?
True
Is 2705290799 composite?
False
Is 36133468829 composite?
True
Is 26116576601 composite?
True
Is 21977474371 prime?
False
Is 45958711627 prime?
True
Is 234535787 a prime number?
False
Is 13770016467 a prime number?
False
Is 671040743 a prime number?
True
Is 20248539217 composite?
True
Is 51282206777 composite?
True
Is 37624774189 a composite number?
True
Is 27072119879 a composite number?
True
Is 325221989 prime?
True
Is 1561115723 a composite number?
False
Is 3536456611 a composite number?
True
Is 479556461 a composite number?
False
Is 10227212797 a prime number?
True
Is 10814583977 composite?
True
Is 1748195521 composite?
True
Is 313002439 composite?
False
Is 753926401 prime?
True
Is 9725172437 composite?
False
Is 367318949 a prime number?
False
Is 48493219909 prime?
False
Is 373155511 composite?
False
Is 1268941547 composite?
False
Is 6639348685 composite?
True
Is 1466186627 composite?
True
Is 1769882879 composite?
True
Is 7149890177 prime?
True
Is 1341984257 a prime number?
False
Is 22342511 a prime number?
True
Is 350960147 prime?
True
Is 40838169695 composite?
True
Is 27740429261 a composite number?
False
Is 84518039 a composite number?
True
Is 187875341 a prime number?
True
Is 99219180199 a prime number?
True
Is 143624889371 composite?
True
Is 11524617317 a prime number?
False
Is 3779600519 a prime number?
True
Is 29100016579 a prime number?
False
Is 2245510451 a composite number?
True
Is 3456150497 a composite number?
False
Is 40516840951 a prime number?
True
Is 2027003057 a prime number?
False
Is 527865043 prime?
False
Is 1008287139 prime?
False
Is 3834795407 prime?
True
Is 3524450519 a composite number?
False
Is 619353017 prime?
True
Is 25574600041 prime?
True
Is 29714832527 composite?
True
Is 2378549569 composite?
True
Is 205825504317 a composite number?
True
Is 57385244471 a prime number?
True
Is 8024375321 composite?
False
Is 845846669 prime?
False
Is 92177338133 a prime number?
False
Is 3330991 a composite number?
True
Is 2679923087 a composite number?
True
Is 24139666633 composite?
True
Is 1173698587 a composite number?
False
Is 39840849709 prime?
True
Is 19722344339 composite?
False
Is 271173823 a prime number?
True
Is 9787164501 prime?
False
Is 3552754423 prime?
True
Is 1520510899 prime?
True
Is 2198287139 prime?
False
Is 246549811 a composite number?
True
Is 75692581 a prime number?
False
Is 1139973533 composite?
True
Is 4787045803 a composite number?
False
Is 3831007 composite?
False
Is 1950223411 composite?
False
Is 8707697777 a prime number?
False
Is 380849211877 a composite number?
False
Is 81349012067 a prime number?
False
Is 1455224217 a composite number?
True
Is 3905011787 a prime number?
True
Is 19063403521 prime?
True
Is 1383303809 a prime number?
True
Is 29768273 a prime number?
False
Is 1602142099 a composite number?
False
Is 2388256561 composite?
False
Is 33523559029 prime?
True
Is 325748183 a prime number?
False
Is 24563309489 a composite number?
False
Is 608297087 composite?
True
Is 154712192483 composite?
True
Is 26370020239 a composite number?
False
Is 21396037709 a composite number?
False
Is 119209747561 composite?
False
Is 16620211637 composite?
True
Is 59491979 a composite number?
False
Is 9591808409 a prime number?
True
Is 1683526961 prime?
True
Is 1017229481 composite?
False
Is 2799036323 a prime number?
True
Is 30576229 a composite number?
False
Is 22065566693 a composite number?
True
Is 344305759 prime?
False
Is 3964861619 composite?
True
Is 787591949 a composite number?
True
Is 1469678363 prime?
True
Is 113868242531 prime?
True
Is 14850711797 prime?
False
Is 2310277649 composite?
False
Is 3675580357 composite?
True
Is 83698351 a prime number?
False
Is 30201888391 a prime number?
True
Is 11749513571 a composite number?
False
Is 601956203 prime?
False
Is 33074866139 prime?
False
Is 4502752847 a composite number?
False
Is 2528242711 a composite number?
True
Is 4422773665 prime?
False
Is 108218069 a prime number?
False
Is 75114066983 a composite number?
False
Is 1425301373 a composite number?
False
Is 1535199385 a composite number?
True
Is 330968539 a composite number?
True
Is 2018336699 a prime number?
True
Is 1682122263 prime?
False
Is 2430532397 prime?
True
Is 17244303997 a prime number?
True
Is 139196713 prime?
False
Is 378529059 a prime number?
False
Is 5533103 a prime number?
True
Is 11274164423 composite?
False
Is 1687636241 a prime number?
True
Is 2764869047 prime?
False
Is 9644447919 a prime number?
False
Is 440335491 a prime number?
False
Is 28217716159 prime?
True
Is 4179065497 a prime number?
True
Is 5896991983 composite?
True
Is 32471477 composite?
True
Is 1140076459 composite?
True
Is 912378497 a prime number?
False
Is 579190223 a prime number?
True
Is 76503996799 a prime number?
False
Is 844196069 prime?
False
Is 16058193623 composite?
True
Is 60742768711 a composite number?
False
Is 172913619859 composite?
True
Is 726128393 a composite number?
False
Is 1043202579 prime?
False
Is 27578167 composite?
True
Is 199136933 prime?
True
Is 42743132639 a prime number?
True
Is 637530473 prime?
True
Is 10139075021 a prime number?
False
Is 2148574817 a composite number?
False
Is 1160426633 a composite number?
True
Is 485485243 a prime number?
True
Is 363730853 a prime number?
False
Is 537872759 a prime number?
True
Is 9383731139 a composite number?
True
Is 47672166517 a composite number?
False
Is 24999527699 a prime number?
True
Is 4718898593 a composite number?
False
Is 17673115399 a prime number?
True
Is 351858971 a composite number?
False
Is 10830968179 prime?
False
Is 76909337623 composite?
True
Is 18896489 composite?
False
Is 122287915453 prime?
False
Is 18594497527 composite?
False
Is 23735042581 prime?
True
Is 192296483 composite?
False
Is 8396370214 a prime number?
False
Is 2525723411 a composite number?
True
Is 3603253673 a composite number?
False
Is 140914390037 prime?
True
Is 69757021007 a prime number?
True
Is 3407310013 a composite number?
True
Is 8882900087 composite?
True
Is 2984285201 composite?
False
Is 6780652213 composite?
True
Is 6036346217 prime?
False
Is 4139680161 a prime number?
False
Is 104695093 a prime number?
False
Is 712986097 a composite number?
False
Is 692445503 a prime number?
True
Is 471756247 a prime number?
True
Is 5185922333 a composite number?
False
Is 17556211751 composite?
True
Is 376673171 prime?
False
Is 4548882127 a prime number?
True
Is 5423163097 composite?
True
Is 7064923 composite?
False
Is 3521761423 composite?
False
Is 103697394743 prime?
True
Is 21973728943 composite?
False
Is 197174025023 a composite number?
True
Is 42773284993 a prime number?
True
Is 5033894681 a composite number?
False
Is 1054728481 a prime number?
False
Is 334352829 a prime number?
False
Is 65295390577 prime?
True
Is 2045428133 a composite number?
True
Is 111520061 a composite number?
False
Is 74083886873 a prime number?
True
Is 3261475487 composite?
False
Is 97784006713 composite?
False
Is 1193692691 a prime number?
False
Is 4473518009 a composite number?
True
Is 1230998347 prime?
True
Is 1454497189 composite?
True
Is 145203379 a prime number?
False
Is 89179231037 prime?
False
Is 908704301 a composite number?
False
Is 3381307309 composite?
True
Is 84835211191 a composite number?
False
Is 163717987 prime?
True
Is 5429593682 composite?
True
Is 824221901 composite?
True
Is 2483426057 a prime number?
False
Is 3995604617 a composite number?
False
Is 2850963571 prime?
False
Is 62173421 a prime number?
False
Is 723693511 